{"id":322,"date":"2020-11-23T23:29:35","date_gmt":"2020-11-23T22:29:35","guid":{"rendered":"http:\/\/idm314.fespm.es\/?page_id=322"},"modified":"2021-03-12T15:57:37","modified_gmt":"2021-03-12T14:57:37","slug":"agenda-de-actividades","status":"publish","type":"page","link":"https:\/\/idm314.es\/index.php\/agenda-de-actividades\/","title":{"rendered":"Agenda de actividades"},"content":{"rendered":"\n<div class=\"wp-block-cover alignfull has-background-dim\" style=\"background-image:url(http:\/\/idm314.fespm.es\/wp-content\/uploads\/2019\/12\/people-1433035-639x426-1.jpg);min-height:200px\"><div class=\"wp-block-cover__inner-container\">\n<p class=\"has-text-align-left has-large-font-size\"><strong>Agenda de actividades<\/strong><\/p>\n<\/div><\/div>\n\n\n\n<div style=\"height:20px\" aria-hidden=\"true\" class=\"wp-block-spacer\"><\/div>\n\n\n\n<p>Actividades organizadas por distintos colectivos, entidades y asociaciones para celebrar el IDM 2021.<\/p>\n\n\n\n<h3>La Fundaci\u00f3n Descubre con Thales y la Universidad de Sevilla:<\/h3>\n\n\n\n<figure class=\"wp-block-embed-wordpress wp-block-embed is-type-wp-embed is-provider-fundacion-descubre\"><div class=\"wp-block-embed__wrapper\">\n<blockquote class=\"wp-embedded-content\" data-secret=\"uR71mSPyfp\"><a href=\"https:\/\/fundaciondescubre.es\/agenda\/jugamos-a-contar\/\">Jugamos a contar<\/a><\/blockquote><iframe class=\"wp-embedded-content\" sandbox=\"allow-scripts\" security=\"restricted\" style=\"position: absolute; clip: rect(1px, 1px, 1px, 1px);\" title=\"&#171;Jugamos a contar&#187; &#8212; Fundaci\u00f3n Descubre\" src=\"https:\/\/fundaciondescubre.es\/agenda\/jugamos-a-contar\/embed\/#?secret=uR71mSPyfp\" data-secret=\"uR71mSPyfp\" width=\"600\" height=\"338\" frameborder=\"0\" marginwidth=\"0\" marginheight=\"0\" scrolling=\"no\"><\/iframe>\n<\/div><\/figure>\n\n\n\n<figure class=\"wp-block-embed-wordpress wp-block-embed is-type-wp-embed is-provider-fundacion-descubre\"><div class=\"wp-block-embed__wrapper\">\n<blockquote class=\"wp-embedded-content\" data-secret=\"tMYa2oeLWv\"><a href=\"https:\/\/fundaciondescubre.es\/agenda\/divisibilidad-una-historia-de-coincidencias\/\">Divisibilidad, una historia de coincidencias<\/a><\/blockquote><iframe class=\"wp-embedded-content\" sandbox=\"allow-scripts\" security=\"restricted\" style=\"position: absolute; clip: rect(1px, 1px, 1px, 1px);\" title=\"&#171;Divisibilidad, una historia de coincidencias&#187; &#8212; Fundaci\u00f3n Descubre\" src=\"https:\/\/fundaciondescubre.es\/agenda\/divisibilidad-una-historia-de-coincidencias\/embed\/#?secret=tMYa2oeLWv\" data-secret=\"tMYa2oeLWv\" width=\"600\" height=\"338\" frameborder=\"0\" marginwidth=\"0\" marginheight=\"0\" scrolling=\"no\"><\/iframe>\n<\/div><\/figure>\n\n\n\n<figure class=\"wp-block-embed-wordpress wp-block-embed is-type-wp-embed is-provider-fundacion-descubre\"><div class=\"wp-block-embed__wrapper\">\n<blockquote class=\"wp-embedded-content\" data-secret=\"Er43HfQ1Ma\"><a href=\"https:\/\/fundaciondescubre.es\/agenda\/cafe-con-ciencia-dia-de-las-matematicas-en-la-universidad-de-sevilla\/\">Caf\u00e9 con Ciencia D\u00eda de las Matem\u00e1ticas en la Universidad de Sevilla<\/a><\/blockquote><iframe class=\"wp-embedded-content\" sandbox=\"allow-scripts\" security=\"restricted\" style=\"position: absolute; clip: rect(1px, 1px, 1px, 1px);\" title=\"&#171;Caf\u00e9 con Ciencia D\u00eda de las Matem\u00e1ticas en la Universidad de Sevilla&#187; &#8212; Fundaci\u00f3n Descubre\" src=\"https:\/\/fundaciondescubre.es\/agenda\/cafe-con-ciencia-dia-de-las-matematicas-en-la-universidad-de-sevilla\/embed\/#?secret=Er43HfQ1Ma\" data-secret=\"Er43HfQ1Ma\" width=\"600\" height=\"338\" frameborder=\"0\" marginwidth=\"0\" marginheight=\"0\" scrolling=\"no\"><\/iframe>\n<\/div><\/figure>\n\n\n\n<p><\/p>\n","protected":false},"excerpt":{"rendered":"<p>Actividades organizadas por distintos colectivos, entidades y asociaciones para celebrar el IDM 2021. La Fundaci\u00f3n Descubre con Thales y la Universidad de Sevilla:<\/p>\n","protected":false},"author":2,"featured_media":0,"parent":0,"menu_order":0,"comment_status":"closed","ping_status":"closed","template":"","meta":{"neve_meta_sidebar":"full-width","neve_meta_container":"","neve_meta_enable_content_width":"on","neve_meta_content_width":100,"neve_meta_title_alignment":"","neve_meta_author_avatar":"","neve_post_elements_order":"","neve_meta_disable_header":"","neve_meta_disable_footer":"","neve_meta_disable_title":"on"},"_links":{"self":[{"href":"https:\/\/idm314.es\/index.php\/wp-json\/wp\/v2\/pages\/322"}],"collection":[{"href":"https:\/\/idm314.es\/index.php\/wp-json\/wp\/v2\/pages"}],"about":[{"href":"https:\/\/idm314.es\/index.php\/wp-json\/wp\/v2\/types\/page"}],"author":[{"embeddable":true,"href":"https:\/\/idm314.es\/index.php\/wp-json\/wp\/v2\/users\/2"}],"replies":[{"embeddable":true,"href":"https:\/\/idm314.es\/index.php\/wp-json\/wp\/v2\/comments?post=322"}],"version-history":[{"count":3,"href":"https:\/\/idm314.es\/index.php\/wp-json\/wp\/v2\/pages\/322\/revisions"}],"predecessor-version":[{"id":359,"href":"https:\/\/idm314.es\/index.php\/wp-json\/wp\/v2\/pages\/322\/revisions\/359"}],"wp:attachment":[{"href":"https:\/\/idm314.es\/index.php\/wp-json\/wp\/v2\/media?parent=322"}],"curies":[{"name":"wp","href":"https:\/\/api.w.org\/{rel}","templated":true}]}}