{"id":52,"date":"2019-12-19T10:24:44","date_gmt":"2019-12-19T10:24:44","guid":{"rendered":"http:\/\/idm314.webenrevision.com\/?page_id=52"},"modified":"2023-02-02T15:35:41","modified_gmt":"2023-02-02T14:35:41","slug":"profesorado","status":"publish","type":"page","link":"https:\/\/idm314.es\/index.php\/concursos\/profesorado\/","title":{"rendered":"Profesorado"},"content":{"rendered":"\n<div class=\"wp-block-cover alignfull has-background-dim\" style=\"background-image:url(http:\/\/idm314.es\/wp-content\/uploads\/2021\/11\/college-student-2052868_1280.jpg);min-height:150px\"><div class=\"wp-block-cover__inner-container\">\n<p class=\"has-text-align-left has-large-font-size\"><strong>Profesorado<\/strong><\/p>\n<\/div><\/div>\n\n\n\n<div style=\"height:30px\" aria-hidden=\"true\" class=\"wp-block-spacer\"><\/div>\n\n\n<h2>Bases del Concurso para Profesorado<\/h2>\n<p><strong>Objeto de la convocatoria<\/strong><\/p>\n<p>La Comisi\u00f3n de Educaci\u00f3n del Comit\u00e9 Espa\u00f1ol de Matem\u00e1ticas como organizadora del D\u00eda Internacional de las Matem\u00e1ticas 2023, convocan un concurso sobre materiales y recursos educativos dirigidos al profesorado de cualquier nivel educativo.<\/p>\n<p><strong>Participantes<\/strong><br \/>Podr\u00e1 participar el profesorado de cualquier nivel educativo de cualquier centro del \u00e1mbito del territorio del estado espa\u00f1ol.<\/p>\n<p>La participaci\u00f3n podr\u00e1 ser a t\u00edtulo individual o en equipo.<\/p>\n<p><strong>El plazo para el env\u00edo de trabajos finaliza el 12 de febrero de 2023, a las 23:59 horas.<\/strong><\/p>\n<p><img loading=\"lazy\" class=\"alignnone wp-image-391 size-full\" src=\"http:\/\/idm314.es\/wp-content\/uploads\/2021\/11\/teacher-4784916_640.jpg\" alt=\"\" width=\"640\" height=\"426\" srcset=\"https:\/\/idm314.es\/wp-content\/uploads\/2021\/11\/teacher-4784916_640.jpg 640w, https:\/\/idm314.es\/wp-content\/uploads\/2021\/11\/teacher-4784916_640-300x200.jpg 300w\" sizes=\"(max-width: 640px) 100vw, 640px\" \/><\/p>\n<h2>Materiales y recursos did\u00e1cticos<\/h2>\n<p>Los materiales y recursos se presentar\u00e1n en formato digital, se enviar\u00e1n a trav\u00e9s del formulario de participaci\u00f3n.<\/p>\n<p>El objeto de los materiales y recursos presentados estar\u00e1n centrados en el lema del D\u00eda Internacional de las Matem\u00e1ticas 2023 que es <em><strong>Mathematics for everyone<\/strong><\/em>.<\/p>\n<p>Junto con el material se enviar\u00e1n los datos de quienes los hayan elaborado.<\/p>\n<h2 style=\"text-align: center;\"><a href=\"https:\/\/forms.gle\/uP2cuTTdfrWzNyqM8\">Quiero Participar<\/a><\/h2>\n<h2>Entrega de premios<\/h2>\n<p>La entrega de premios se realizar\u00e1 en el evento \u201c<strong>D\u00eda Internacional de las Matem\u00e1ticas<\/strong>\u201d, que en 2023 se celebrar\u00e1 en Madrid, en fecha y horario que se comunicar\u00e1 a trav\u00e9s de esta Web.<\/p>\n<p>El comit\u00e9 organizador financiar\u00e1 el desplazamiento, as\u00ed como el alojamiento de ganador del concurso m\u00e1s un acompa\u00f1ante.<\/p>\n\n\n<p><strong><span class=\"has-inline-color has-nv-c-2-color\">Los ganadores recibir\u00e1n como premios una tablet, una calculadora y un lote de libros.<\/span><\/strong><\/p>\n","protected":false},"excerpt":{"rendered":"<p>Bases del Concurso para Profesorado Objeto de la convocatoria La Comisi\u00f3n de Educaci\u00f3n del Comit\u00e9 Espa\u00f1ol de Matem\u00e1ticas como organizadora del D\u00eda Internacional de las Matem\u00e1ticas 2023, convocan un concurso sobre materiales y recursos educativos dirigidos al profesorado de cualquier nivel educativo. ParticipantesPodr\u00e1 participar el profesorado de cualquier nivel educativo de cualquier centro del \u00e1mbito&hellip;&nbsp;<a href=\"https:\/\/idm314.es\/index.php\/concursos\/profesorado\/\" class=\"\" rel=\"bookmark\">Leer m\u00e1s &raquo;<span class=\"screen-reader-text\">Profesorado<\/span><\/a><\/p>\n","protected":false},"author":2,"featured_media":0,"parent":46,"menu_order":0,"comment_status":"closed","ping_status":"closed","template":"","meta":{"neve_meta_sidebar":"full-width","neve_meta_container":"","neve_meta_enable_content_width":"off","neve_meta_content_width":0,"neve_meta_title_alignment":"","neve_meta_author_avatar":"","neve_post_elements_order":"","neve_meta_disable_header":"","neve_meta_disable_footer":"","neve_meta_disable_title":"on"},"_links":{"self":[{"href":"https:\/\/idm314.es\/index.php\/wp-json\/wp\/v2\/pages\/52"}],"collection":[{"href":"https:\/\/idm314.es\/index.php\/wp-json\/wp\/v2\/pages"}],"about":[{"href":"https:\/\/idm314.es\/index.php\/wp-json\/wp\/v2\/types\/page"}],"author":[{"embeddable":true,"href":"https:\/\/idm314.es\/index.php\/wp-json\/wp\/v2\/users\/2"}],"replies":[{"embeddable":true,"href":"https:\/\/idm314.es\/index.php\/wp-json\/wp\/v2\/comments?post=52"}],"version-history":[{"count":17,"href":"https:\/\/idm314.es\/index.php\/wp-json\/wp\/v2\/pages\/52\/revisions"}],"predecessor-version":[{"id":523,"href":"https:\/\/idm314.es\/index.php\/wp-json\/wp\/v2\/pages\/52\/revisions\/523"}],"up":[{"embeddable":true,"href":"https:\/\/idm314.es\/index.php\/wp-json\/wp\/v2\/pages\/46"}],"wp:attachment":[{"href":"https:\/\/idm314.es\/index.php\/wp-json\/wp\/v2\/media?parent=52"}],"curies":[{"name":"wp","href":"https:\/\/api.w.org\/{rel}","templated":true}]}}